4155044
In base 8, what is 24 + 14643536?
14643562
In base 2, what is -101110110 + 1111101111010101000?
1111101110100110010
In base 14, what is -15 + -20373?
-20388
In base 12, what is 1b28 + 76a5?
9611
In base 16, what is 27c2ff - 3?
27c2fc
In base 2, what is 10110110100 - 1100110101110?
-1001111111010
In base 3, what is -111 + -120202000102?
-120202000220
In base 9, what is -15420 - -336?
-15073
In base 11, what is 1630 + 59756?
60286
In base 10, what is -5 + -54124820?
-54124825
In base 9, what is 5 - -5678353?
5678358
In base 16, what is -4cb367e - 5?
-4cb3683
In base 4, what is -12333321 - -1300213?
-11033102
In base 6, what is 11 + -1101031?
-1101020
In base 13, what is -70cc46 + -5?
-70cc4b
In base 12, what is -1 + 14962002?
14962001
In base 8, what is 10 + 15772205?
15772215
In base 10, what is -1130 + 52893?
51763
In base 9, what is -1 - 334718856?
-334718857
In base 12, what is -729 - -7a85?
7358
In base 11, what is -17 - -1168831?
1168815
In base 8, what is -6770301 + -271?
-6770572
In base 7, what is 10 + 21141364?
21141404
In base 12, what is -132494 + 50a?
-131b86
In base 5, what is -14404 - -1231300?
1211341
In base 12, what is -526 - -9496?
8b70
In base 11, what is -276466 - 17?
-276482
In base 16, what is -2e89 + -b72?
-39fb
In base 12, what is 3 + -11467651?
-1146764a
In base 2, what is -101110110100 - -11000000001?
-10110110011
In base 4, what is -1 - -1102223003111?
1102223003110
In base 10, what is -4 - 8451345?
-8451349
In base 14, what is -16820c + -2d?
-16823b
In base 8, what is 41661074 + 2?
41661076
In base 8, what is 1116 + 372674?
374012
In base 3, what is -1002121110120 - 12201?
-1002121200021
In base 5, what is 143323342 + 14?
143323411
In base 12, what is -7b1429 - 86?
-7b14b3
In base 4, what is 212 - 10212220311?
-10212220033
In base 15, what is -4e68d93 - 0?
-4e68d93
In base 11, what is 6520a33 + -5?
6520a29
In base 12, what is -44 - 84564?
-845a8
In base 3, what is -2110110200210 - 1101?
-2110110202011
In base 2, what is -10010011111000 - -11011100111101011?
11001010011110011
In base 10, what is 854127378 + -5?
854127373
In base 10, what is 162 - 493263?
-493101
In base 6, what is -103353 - 1?
-103354
In base 9, what is 1140 + -32413?
-31263
In base 10, what is 13 - 4529719?
-4529706
In base 2, what is 1010110000111 - -100001011111001?
101100010000000
In base 15, what is -eb3a1 - 17?
-eb3b8
In base 16, what is -3 - -10cfb57e?
10cfb57b
In base 8, what is -42 + -13244746?
-13245010
In base 4, what is 103113030 + -21112?
103031312
In base 6, what is 5205 + 12401?
22010
In base 2, what is -10001111001 + -10000010011101010?
-10000100101100011
In base 13, what is 6791bb - -5?
6791c3
In base 15, what is 12 - 8b4b1a?
-8b4b08
In base 3, what is 120011 - 220202201220?
-220202011202
In base 16, what is -1ea8 + a6a?
-143e
In base 16, what is 6cbecd - -13?
6cbee0
In base 10, what is -12516 + -997?
-13513
In base 3, what is -12222112 - -2012?
-12220100
In base 13, what is -5256 + -52b?
-5784
In base 3, what is 2021120100121 - 21120?
2021120002001
In base 12, what is 9b44ba9 - 2?
9b44ba7
In base 12, what is -141 + 24aa17?
24a896
In base 7, what is -12 - 2315321?
-2315333
In base 16, what is -d2e8643 + -5?
-d2e8648
In base 13, what is -34 + 47654?
47620
In base 9, what is 28265103 + 0?
28265103
In base 11, what is -a937384 - 5?
-a937389
In base 7, what is -3505366161 - -3?
-3505366155
In base 3, what is 10120202020021112 - -20?
10120202020021202
In base 10, what is 0 + -17707194?
-17707194
In base 4, what is 3201211331 - -101?
3201212032
In base 10, what is 30 - 94903?
-94873
In base 8, what is 560702532 - 5?
560702525
In base 8, what is 262122 + 3504?
265626
In base 9, what is 858602 - 12?
858580
In base 2, what is -11 + 1010001101010010011101100?
1010001101010010011101001
In base 13, what is 743b449 - -4?
743b450
In base 10, what is 93962 + 0?
93962
In base 2, what is 11 + 1000101011100010100110110111?
1000101011100010100110111010
In base 6, what is -303315313 - 1?
-303315314
In base 2, what is 110010000 + 1000011110101010111011?
1000011110110001001011
In base 16, what is 51b9c + e6?
51c82
In base 11, what is 3 - -43629968?
43629970
In base 10, what is -1366975 + -3?
-1366978
In base 3, what is -11002 - -212020201?
212002122
In base 12, what is -68a6 - 2b2?
-6b98
In base 15, what is -9db580b + -1?
-9db580c
In base 14, what is 360 - -9d044?
9d3a4
In base 8, what is 2 - -2353623?
2353625
In base 14, what is -1a3a + -100b7?
-11b13
In base 3, what is 111011221 - 111111212?
-22221
In base 13, what is cc677b + -4?
cc6777
In base 14, what is -3adc - 59?
-3b57
In base 14, what is 1 - 2322a7?
-2322a6
In base 8, what is 6 + 437361740?
437361746
In base 7, what is 12604 + -20510?
-4603
In base 9, what is -13048 - -21275?
7226
In base 3, what is -1212 - 222010111?
-222012100
In base 16, what is 3bc1e - 0?
3bc1e
In base 7, what is -362523 - -33?
-362460
In base 13, what is 3b039c0b - -3?
3b039c11
In base 15, what is -121dc46 - 5?
-121dc4b
In base 3, what is 10000121111102210 - 2?
10000121111102201
In base 12, what is 11a65 - 4b8?
11569
In base 8, what is 207 - -4736322?
4736531
In base 14, what is -2d15 + -99a?
-38b1
In base 7, what is 653521 + 1?
653522
In base 12, what is -43a7861 + -4?
-43a7865
In base 9, what is 12 - 2141610?
-2141587
In base 8, what is 671 + -230047?
-227156
In base 11, what is 12460 - 137?
12324
In base 10, what is -147671 - 296?
-147967
In base 14, what is -75b94 - -16?
-75b7c
In base 13, what is -13c78b - -143?
-13c648
In base 9, what is 3884 - -17301?
22285
In base 6, what is 14143 - -110442?
125025
In base 15, what is -1 + 13e3db?
13e3da
In base 16, what is 467e + -1ad?
44d1
In base 5, what is 3121223 - 111430?
3004243
In base 9, what is -3665811 + 2?
-3665808
In base 4, what is 2120121 + 20303?
2201030
In base 6, what is 110 - -10024412?
10024522
In base 11, what is -8a394740 + 4?
-8a394737
In base 7, what is 15 - -62152303?
62152321
In base 2, what is -1000010010110 - 1101000000101111?
-1110000011000101
In base 13, what is 2 - -20cac5?
20cac7
In base 11, what is 56470 + -450?
56020
In base 16, what is 80fff - -9?
81008
In base 10, what is -10 + 8653541?
8653531
In base 10, what is -6 + 748714?
748708
In base 5, what is 100313213 + -30?
100313133
In base 2, what is -10101 + -111100101110011111?
-111100101110110100
In base 14, what is -3 - 1647998?
-164799b
In base 9, what is 14 + -12833463?
-12833448
In base 7, what is 131 + -110032?
-106601
In base 14, what is -a + 67912b?
679121
In base 9, what is -3 - 2072331?
-2072334
In base 5, what is 2440 - 132321342?
-132313402
In base 14, what is -26 + -2d12a?
-2d152
In base 10, what is -168525989 - 2?
-168525991
In base 15, what is 32498 + -1229?
3126e
In base 8, what is -6 + 43057352?
43057344
In base 15, what is -139 - -19d475?
19d33b
In base 5, what is 30214 - -313410?
344124
In base 9, what is 287874 - -8?
287883
In base 12, what is 256429 - 93?
256356
In base 14, what is 4b8ab + 15a?
4ba27
In base 9, what is 48651657 + 6?
48651664
In base 7, what is 2 - -44004413?
44004415
In base 13, what is -4 + 8082204?
8082200
In base 13, what is 8 - 78c094?
-78c089
In base 14, what is -1 - 109cb58?
-109cb59
In base 2, what is -101 - 1010001101011011011110?
-1010001101011011100011
In base 2, what is -100101011100100011001100111 - 11?
-100101011100100011001101010
In base 10, what is 8 - 15454153?
-15454145
In base 12, what is 7392b83 - -2?
7392b85
In base 2, what is -11 + -100000111010100011011001?
-100000111010100011011100
In base 6, what is 412 + 1430100?
1430512
In base 14, what is -b3 + c566?
c493
In base 14, what is -1286b0b8 + 0?
-1286b0b8
In base 13, what is 1cc1099 - -3?
1cc109c
In base 14, what is -b - 253603?
-253610
In base 4, what is 1010012 + 20003?
1030021
In base 4, what is -2 - 3130030330?
-3130030332
In base 3, what is 12112 + -1102011100021?
-1102011010202
In base 5, what is 4 - -103201212?
103201221
In base 10, what is -5 - 1127210?
-1127215
In base 2, what is 101111101111011011 - -11001101110?
110000001001001001
In base 14, what is -2d1c68 - 90?
-2d1d18
In base 5, what is -2010444332200 - -2?
-2010444332143
In base 8, what is -555645 - -2?
-555643
In base 5, what is -121440421 + 0?
-121440421
In base 3, what is -221221201202 + -1101?
-221221210010
In